vide 7762?
True
Does 11 divide 28974?
True
Does 753 divide 4328898?
False
Is 155351 even?
False
Is 4 a factor of 1031590?
False
Does 6 divide 4981883?
False
Does 153 divide 110388?
False
Is 25 a factor of 33364?
False
Is 82070 even?
True
Does 335 divide 2471062?
False
Is 4421680 a multiple of 190?
True
Is 13 a factor of 6477094?
True
Does 18 divide 3842334?
True
Is 17041 a multiple of 10?
False
Is 402 a factor of 1812321?
False
Is 16 a factor of 55484?
False
Is 74 a factor of 449386?
False
Is 8 a factor of 1321540?
False
Does 155 divide 10498475?
False
Is 332775 a multiple of 45?
True
Does 280 divide 65240?
True
Does 13 divide 1983945?
False
Does 20 divide 46100?
True
Is 277104 a multiple of 12?
True
Does 15 divide 2476125?
True
Is 121 a factor of 220386?
False
Is 19265 a multiple of 31?
False
Is 5984902 a multiple of 31?
False
Is 7261 a multiple of 4?
False
Does 181 divide 190774?
True
Does 114 divide 1108080?
True
Is 189948 a multiple of 33?
True
Is 3 a factor of 46337?
False
Does 191 divide 4466400?
False
Is 105 a factor of 61635?
True
Is 260259 a multiple of 409?
False
Does 17 divide 4407924?
False
Is 30 a factor of 3148492?
False
Is 3336332 a multiple of 595?
False
Is 205632 a multiple of 18?
True
Is 5 a factor of 1773?
False
Is 122 a factor of 3330192?
False
Is 575008 a multiple of 39?
False
Is 22 a factor of 1408?
True
Does 4 divide 82617?
False
Does 1057 divide 1248317?
True
Does 20 divide 77689?
False
Does 4 divide 280992?
True
Is 207 a factor of 326232?
True
Does 3 divide 54813?
True
Is 694169 a multiple of 156?
False
Is 1136 a factor of 2261872?
False
Is 2146828 a multiple of 4?
True
Is 58590 a multiple of 42?
True
Is 242179 a multiple of 59?
False
Is 3008324 a multiple of 22?
True
Is 66589 a multiple of 18?
False
Does 296 divide 229696?
True
Does 13 divide 102371?
False
Does 15 divide 1381935?
True
Is 151714 a multiple of 33?
False
Is 243 a factor of 4892805?
True
Is 187 a factor of 1446834?
False
Does 146 divide 5335862?
True
Is 8453275 a multiple of 179?
True
Is 3 a factor of 17559?
True
Is 118 a factor of 541392?
False
Is 85208 even?
True
Does 142 divide 8364?
False
Is 491936 a multiple of 49?
False
Does 158 divide 9885?
False
Does 68 divide 167422?
False
Does 48 divide 209904?
True
Does 6 divide 8963329?
False
Does 110 divide 5637610?
True
Is 1321776 a multiple of 18?
True
Does 5 divide 11290173?
False
Is 2371 a factor of 24366767?
True
Is 266883 a multiple of 4?
False
Is 214 a factor of 29837656?
False
Is 395169 a multiple of 246?
False
Does 175 divide 161673?
False
Is 333 a factor of 7659?
True
Does 20 divide 31522?
False
Does 140 divide 6993072?
False
Does 21 divide 361824?
False
Does 38 divide 226700?
False
Is 47 a factor of 18325281?
False
Does 123 divide 362546?
False
Is 2028006 a multiple of 183?
True
Is 119251 a multiple of 121?
False
Is 6 a factor of 51714?
True
Is 250 a factor of 2545072?
False
Is 28 a factor of 5035?
False
Does 6 divide 18402?
True
Does 64 divide 8769111?
False
Is 3510 a multiple of 25?
False
Is 26 a factor of 2394573?
False
Is 11 a factor of 1351482?
True
Does 24 divide 72984?
True
Does 637 divide 1450449?
True
Is 166053 a multiple of 3?
True
Is 13959281 a multiple of 146?
False
Is 988 a factor of 1125332?
True
Is 67380 a multiple of 6?
True
Is 293 a factor of 835929?
True
Is 302 a factor of 4996683?
False
Is 16 a factor of 210209?
False
Does 6 divide 3937560?
True
Does 544 divide 181152?
True
Is 423198 a multiple of 153?
True
Does 553 divide 12777630?
False
Is 349324 a multiple of 90?
False
Is 2661398 a multiple of 33?
False
Does 104 divide 467899?
False
Is 996579 a multiple of 22?
False
Is 122 a factor of 526430?
True
Does 38 divide 664202?
True
Does 206 divide 1529138?
True
Does 16 divide 557855?
False
Does 28 divide 903571?
False
Is 14705967 a multiple of 14?
False
Is 749 a factor of 551574?
False
Is 496800 a multiple of 450?
True
Is 64 a factor of 32640?
True
Does 53 divide 280469?
False
Is 14 a factor of 27597?
False
Is 4084990 a multiple of 182?
True
Is 5 a factor of 125320?
True
Is 60876 a multiple of 14?
False
Does 63 divide 1083978?
True
Is 11 a factor of 4888829?
True
Is 10 a factor of 140703?
False
Does 7 divide 17164?
True
Is 269846 a multiple of 15?
False
Is 268502 a multiple of 15?
False
Does 106 divide 224190?
True
Does 4 divide 18497?
False
Does 15 divide 984090?
True
Does 41 divide 12833?
True
Is 40 a factor of 324682?
False
Is 38514211 a multiple of 15?
False
Is 168 a factor of 359798?
False
Is 7821154 a multiple of 741?
False
Is 138 a factor of 1731650?
False
Is 10 a factor of 758464?
False
Is 51 a factor of 99083?
False
Is 259802 a multiple of 3?
False
Is 59 a factor of 421387?
False
Does 6 divide 65553?
False
Is 117 a factor of 46953?
False
Is 48 a factor of 3312847?
False
Is 11 a factor of 186087?
True
Does 553 divide 9152703?
True
Is 5473 a multiple of 38?
False
Is 53820 a multiple of 180?
True
Does 3 divide 1453100?
False
Does 236 divide 344122?
False
Does 8 divide 352833?
False
Does 168 divide 32088?
True
Is 8410289 a multiple of 37?
False
Does 919 divide 4894594?
True
Is 10191403 a multiple of 152?
False
Is 13 a factor of 33150?
True
Does 11 divide 44145?
False
Is 19257680 a multiple of 26?
True
Is 539315 a multiple of 811?
True
Is 1274784 a multiple of 224?
True
Does 19 divide 1647528?
True
Does 34 divide 878016?
True
Is 11610875 a multiple of 126?
False
Does 7 divide 7922?
False
Is 60 a factor of 1461840?
True
Does 138 divide 1597626?
True
Is 133 a factor of 482790?
True
Is 22 a factor of 42865?
False
Is 21 a factor of 266162?
False
Is 32 a factor of 8976065?
False
Does 566 divide 1265010?
True
Is 2195700 a multiple of 335?
False
Is 11 a factor of 77319?
True
Is 177 a factor of 3265212?
False
Is 81981 a multiple of 16?
False
Does 90 divide 178745?
False
Is 2020001 a multiple of 20?
False
Is 8 a factor of 3296?
True
Is 13 a factor of 670610?
False
Does 247 divide 100776?
True
Is 221 a factor of 424388?
False
Is 1891645 a multiple of 169?
False
Is 98 a factor of 732256?
True
Is 357 a factor of 12406107?
True
Is 21 a factor of 1659273?
True
Is 46512 a multiple of 8?
True
Is 784825 a multiple of 25?
True
Is 261644 a multiple of 429?
False
Does 11 divide 4106903?
False
Is 65 a factor of 1735531?
False
Does 6 divide 8312083?
False
Does 157 divide 46456?
False
Is 5973136 a multiple of 1222?
True
Is 9 a factor of 1316484?
True
Does 46 divide 484870?
False
Is 166 a factor of 234593?
False
Is 25454072 a multiple of 38?
True
Does 18 divide 40899?
False
Is 103961 a multiple of 143?
True
Does 100 divide 122700?
True
Is 88331 a multiple of 242?
False
Is 1842005 a multiple of 73?
False
Is 269 a factor of 935044?
True
Does 2 divide 1870999?
False
Does 213 divide 6577872?
False
Is 10051794 a multiple of 17?
True
Is 5230568 a multiple of 46?
True
Does 9 divide 295461?
True
Is 674 a factor of 1024480?
True
Is 12 a factor of 273444?
True
Does 52 divide 6815126?
False
Is 34 a factor of 4178736?
True
Does 414 divide 843042?
False
Does 347 divide 529175?
True
Is 196 a factor of 1016260?
True
Does 52 divide 921284?
True
Does 251 divide 1007318?
False
Does 132 divide 150876?
True
Is 252837 a multiple of 4?
False
Is 61 a factor of 4233977?
False
Does 10 divide 20280?
True
Is 51 a factor of 265905?
False
Does 48 divide 468815?
False
Does 220 divide 440880?
True
Is 11 a factor of 1093730?
True
Is 344403 a multiple of 51?
True
Does 283 divide 1312397?
False
Does 112 divide 24668448?
True
Does 286 divide 251355?
False
Is 1211 a factor of 11600169?
True
Does 150 divide 989400?
True
Is 161 a factor of 44597?
True
Does 95 divide 136800?
True
Is 30261 a multiple of 7?
True
Is 2289242 a multiple of 3?
False
Does 69 divide 435597?
True
Is 21052 a multiple of 277?
True
Does 617 divide 2976807?
False
Does 4 divide 178228?
True
Is 75 a factor of 72075?
True
Does 4 divide 46863?
False
Is 18 a factor of 1595777?
False
Does 278 divide 3375754?
True
Is 1423914 a multiple of 267?
False
Is 16 a factor of 187568?
True
Is 11 a factor of 186604?
True
Is 230 a factor of 681490?
True
Does 27 divide 111645?
True
Is 42 a factor of 5418?
True
Is 27 a factor of 276183?
True
Is 25 a factor of 1586034?
False
Is 54 a factor of 733400?
False
Does 16 divide 168268?
False
Is 26 a factor of 3536357?
False
Is 424 a factor of 1